{"id":87,"date":"2024-07-06T12:00:19","date_gmt":"2024-07-06T15:00:19","guid":{"rendered":"https:\/\/tpantanal.com.br\/novosite\/?page_id=87"},"modified":"2025-03-25T13:29:01","modified_gmt":"2025-03-25T16:29:01","slug":"noticias","status":"publish","type":"page","link":"https:\/\/tpantanal.com.br\/novosite\/noticias\/","title":{"rendered":"Not\u00edcias"},"content":{"rendered":"\t\t<div data-elementor-type=\"wp-page\" data-elementor-id=\"87\" class=\"elementor elementor-87\" data-elementor-settings=\"{&quot;ha_cmc_init_switcher&quot;:&quot;no&quot;}\" data-elementor-post-type=\"page\">\n\t\t\t\t<div class=\"elementor-element elementor-element-e1bfafe e-con-full e-flex e-con e-parent\" data-id=\"e1bfafe\" data-element_type=\"container\" data-e-type=\"container\" data-settings=\"{&quot;_ha_eqh_enable&quot;:false}\">\n\t\t\t\t<\/div>\n\t\t<div class=\"elementor-element elementor-element-7802b86c e-con-full e-flex e-con e-parent\" data-id=\"7802b86c\" data-element_type=\"container\" data-e-type=\"container\" data-settings=\"{&quot;background_background&quot;:&quot;classic&quot;,&quot;_ha_eqh_enable&quot;:false}\">\n\t\t\t\t<div class=\"elementor-element elementor-element-59e3a5b0 elementor--h-position-center elementor--v-position-middle elementor-arrows-position-inside elementor-pagination-position-inside elementor-widget elementor-widget-slides\" data-id=\"59e3a5b0\" data-element_type=\"widget\" data-e-type=\"widget\" data-settings=\"{&quot;navigation&quot;:&quot;both&quot;,&quot;autoplay&quot;:&quot;yes&quot;,&quot;pause_on_hover&quot;:&quot;yes&quot;,&quot;pause_on_interaction&quot;:&quot;yes&quot;,&quot;autoplay_speed&quot;:5000,&quot;infinite&quot;:&quot;yes&quot;,&quot;transition&quot;:&quot;slide&quot;,&quot;transition_speed&quot;:500}\" data-widget_type=\"slides.default\">\n\t\t\t\t\t\t\t\t\t\t<div class=\"elementor-slides-wrapper elementor-main-swiper swiper\" role=\"region\" aria-roledescription=\"carousel\" aria-label=\"Slides\" dir=\"ltr\" data-animation=\"fadeInUp\">\n\t\t\t\t<div class=\"swiper-wrapper elementor-slides\">\n\t\t\t\t\t\t\t\t\t\t<div class=\"elementor-repeater-item-f2c20b3 swiper-slide\" role=\"group\" aria-roledescription=\"slide\"><div class=\"swiper-slide-bg\" role=\"img\"><\/div><div class=\"swiper-slide-inner\" ><div class=\"swiper-slide-contents\"><div class=\"elementor-slide-heading\">Not\u00edcias<\/div><div class=\"elementor-slide-description\">Fique por dentro<\/div><\/div><\/div><\/div>\t\t\t\t<\/div>\n\t\t\t\t\t\t\t<\/div>\n\t\t\t\t\t\t\t\t<\/div>\n\t\t\t\t<\/div>\n\t\t<div class=\"elementor-element elementor-element-0cc5c79 e-flex e-con-boxed e-con e-parent\" data-id=\"0cc5c79\" data-element_type=\"container\" data-e-type=\"container\" data-settings=\"{&quot;_ha_eqh_enable&quot;:false}\">\n\t\t\t\t\t<div class=\"e-con-inner\">\n\t\t<div class=\"elementor-element elementor-element-17acca7 e-flex e-con-boxed e-con e-child\" data-id=\"17acca7\" data-element_type=\"container\" data-e-type=\"container\" data-settings=\"{&quot;_ha_eqh_enable&quot;:false}\">\n\t\t\t\t\t<div class=\"e-con-inner\">\n\t\t\t\t<div class=\"elementor-element elementor-element-a209c53 elementor-grid-1 elementor-grid-tablet-2 elementor-grid-mobile-1 elementor-posts--thumbnail-top elementor-widget elementor-widget-posts\" data-id=\"a209c53\" data-element_type=\"widget\" data-e-type=\"widget\" data-settings=\"{&quot;classic_columns&quot;:&quot;1&quot;,&quot;classic_row_gap&quot;:{&quot;unit&quot;:&quot;px&quot;,&quot;size&quot;:43,&quot;sizes&quot;:[]},&quot;pagination_type&quot;:&quot;numbers_and_prev_next&quot;,&quot;classic_columns_tablet&quot;:&quot;2&quot;,&quot;classic_columns_mobile&quot;:&quot;1&quot;,&quot;classic_row_gap_tablet&quot;:{&quot;unit&quot;:&quot;px&quot;,&quot;size&quot;:&quot;&quot;,&quot;sizes&quot;:[]},&quot;classic_row_gap_mobile&quot;:{&quot;unit&quot;:&quot;px&quot;,&quot;size&quot;:&quot;&quot;,&quot;sizes&quot;:[]}}\" data-widget_type=\"posts.classic\">\n\t\t\t\t<div class=\"elementor-widget-container\">\n\t\t\t\t\t\t\t<div class=\"elementor-posts-container elementor-posts elementor-posts--skin-classic elementor-grid\" role=\"list\">\n\t\t\t\t<article class=\"elementor-post elementor-grid-item post-1534 post type-post status-publish format-standard has-post-thumbnail hentry category-uncategorized\" role=\"listitem\">\n\t\t\t\t<a class=\"elementor-post__thumbnail__link\" href=\"https:\/\/tpantanal.com.br\/novosite\/comemorando-34-anos-de-estrada-uma-jornada-de-sucesso-e-compromisso-com-o-trans-pantanal\/\" tabindex=\"-1\" target=&quot;_blank&quot;>\n\t\t\t<div class=\"elementor-post__thumbnail\"><img fetchpriority=\"high\" decoding=\"async\" width=\"708\" height=\"379\" src=\"https:\/\/tpantanal.com.br\/novosite\/wp-content\/uploads\/2024\/10\/blog-2.jpg\" class=\"attachment-full size-full wp-image-1535\" alt=\"\" srcset=\"https:\/\/tpantanal.com.br\/novosite\/wp-content\/uploads\/2024\/10\/blog-2.jpg 708w, https:\/\/tpantanal.com.br\/novosite\/wp-content\/uploads\/2024\/10\/blog-2-300x161.jpg 300w\" sizes=\"(max-width: 708px) 100vw, 708px\" \/><\/div>\n\t\t<\/a>\n\t\t\t\t<div class=\"elementor-post__text\">\n\t\t\t\t<h3 class=\"elementor-post__title\">\n\t\t\t<a href=\"https:\/\/tpantanal.com.br\/novosite\/comemorando-34-anos-de-estrada-uma-jornada-de-sucesso-e-compromisso-com-o-trans-pantanal\/\" target=&quot;_blank&quot;>\n\t\t\t\tComemorando 34 anos de estrada: uma jornada de sucesso e compromisso com o Trans Pantanal\t\t\t<\/a>\n\t\t<\/h3>\n\t\t\t\t<div class=\"elementor-post__meta-data\">\n\t\t\t\t\t<span class=\"elementor-post-date\">\n\t\t\t16\/10\/2024\t\t<\/span>\n\t\t\t\t<\/div>\n\t\t\t\t<div class=\"elementor-post__excerpt\">\n\t\t\t<p>Este m\u00eas \u00e9 especial para a Trans Pantanal! Completamos 34 anos de hist\u00f3ria, dedica\u00e7\u00e3o e paix\u00e3o pelo que fazemos. Desde 1990, percorremos n\u00e3o apenas as<\/p>\n\t\t<\/div>\n\t\t\t\t\t<div class=\"elementor-post__read-more-wrapper\">\n\t\t\n\t\t<a class=\"elementor-post__read-more\" href=\"https:\/\/tpantanal.com.br\/novosite\/comemorando-34-anos-de-estrada-uma-jornada-de-sucesso-e-compromisso-com-o-trans-pantanal\/\" aria-label=\"Read more about Comemorando 34 anos de estrada: uma jornada de sucesso e compromisso com o Trans Pantanal\" tabindex=\"-1\" target=\"_blank\">\n\t\t\tLeia mais \u00bb\t\t<\/a>\n\n\t\t\t\t\t<\/div>\n\t\t\t\t<\/div>\n\t\t\t\t<\/article>\n\t\t\t\t<article class=\"elementor-post elementor-grid-item post-1498 post type-post status-publish format-standard has-post-thumbnail hentry category-uncategorized\" role=\"listitem\">\n\t\t\t\t<a class=\"elementor-post__thumbnail__link\" href=\"https:\/\/tpantanal.com.br\/novosite\/a-importancia-da-logistica-no-transporte-de-cargas-no-brasil\/\" tabindex=\"-1\" target=&quot;_blank&quot;>\n\t\t\t<div class=\"elementor-post__thumbnail\"><img decoding=\"async\" width=\"1444\" height=\"812\" src=\"https:\/\/tpantanal.com.br\/novosite\/wp-content\/uploads\/2024\/09\/blog-1.jpg\" class=\"attachment-full size-full wp-image-1499\" alt=\"\" srcset=\"https:\/\/tpantanal.com.br\/novosite\/wp-content\/uploads\/2024\/09\/blog-1.jpg 1444w, https:\/\/tpantanal.com.br\/novosite\/wp-content\/uploads\/2024\/09\/blog-1-300x169.jpg 300w, https:\/\/tpantanal.com.br\/novosite\/wp-content\/uploads\/2024\/09\/blog-1-1024x576.jpg 1024w, https:\/\/tpantanal.com.br\/novosite\/wp-content\/uploads\/2024\/09\/blog-1-768x432.jpg 768w\" sizes=\"(max-width: 1444px) 100vw, 1444px\" \/><\/div>\n\t\t<\/a>\n\t\t\t\t<div class=\"elementor-post__text\">\n\t\t\t\t<h3 class=\"elementor-post__title\">\n\t\t\t<a href=\"https:\/\/tpantanal.com.br\/novosite\/a-importancia-da-logistica-no-transporte-de-cargas-no-brasil\/\" target=&quot;_blank&quot;>\n\t\t\t\tA Import\u00e2ncia da Log\u00edstica no Transporte de Cargas no Brasil\t\t\t<\/a>\n\t\t<\/h3>\n\t\t\t\t<div class=\"elementor-post__meta-data\">\n\t\t\t\t\t<span class=\"elementor-post-date\">\n\t\t\t23\/09\/2024\t\t<\/span>\n\t\t\t\t<\/div>\n\t\t\t\t<div class=\"elementor-post__excerpt\">\n\t\t\t<p>No Brasil, um pa\u00eds com dimens\u00f5es continentais e uma economia fortemente dependente do transporte de mercadorias, a log\u00edstica desempenha um papel crucial no sucesso das<\/p>\n\t\t<\/div>\n\t\t\t\t\t<div class=\"elementor-post__read-more-wrapper\">\n\t\t\n\t\t<a class=\"elementor-post__read-more\" href=\"https:\/\/tpantanal.com.br\/novosite\/a-importancia-da-logistica-no-transporte-de-cargas-no-brasil\/\" aria-label=\"Read more about A Import\u00e2ncia da Log\u00edstica no Transporte de Cargas no Brasil\" tabindex=\"-1\" target=\"_blank\">\n\t\t\tLeia mais \u00bb\t\t<\/a>\n\n\t\t\t\t\t<\/div>\n\t\t\t\t<\/div>\n\t\t\t\t<\/article>\n\t\t\t\t<\/div>\n\t\t\n\t\t\t\t\t\t<\/div>\n\t\t\t\t<\/div>\n\t\t\t\t\t<\/div>\n\t\t\t\t<\/div>\n\t\t\t\t\t<\/div>\n\t\t\t\t<\/div>\n\t\t<div class=\"elementor-element elementor-element-8addb41 e-flex e-con-boxed e-con e-parent\" data-id=\"8addb41\" data-element_type=\"container\" data-e-type=\"container\" data-settings=\"{&quot;_ha_eqh_enable&quot;:false}\">\n\t\t\t\t\t<div class=\"e-con-inner\">\n\t\t\t\t\t<\/div>\n\t\t\t\t<\/div>\n\t\t\t\t<\/div>\n\t\t","protected":false},"excerpt":{"rendered":"<p>Not\u00edciasFique por dentro<\/p>\n","protected":false},"author":1,"featured_media":0,"parent":0,"menu_order":0,"comment_status":"closed","ping_status":"closed","template":"","meta":{"footnotes":""},"class_list":["post-87","page","type-page","status-publish","hentry"],"_links":{"self":[{"href":"https:\/\/tpantanal.com.br\/novosite\/wp-json\/wp\/v2\/pages\/87","targetHints":{"allow":["GET"]}}],"collection":[{"href":"https:\/\/tpantanal.com.br\/novosite\/wp-json\/wp\/v2\/pages"}],"about":[{"href":"https:\/\/tpantanal.com.br\/novosite\/wp-json\/wp\/v2\/types\/page"}],"author":[{"embeddable":true,"href":"https:\/\/tpantanal.com.br\/novosite\/wp-json\/wp\/v2\/users\/1"}],"replies":[{"embeddable":true,"href":"https:\/\/tpantanal.com.br\/novosite\/wp-json\/wp\/v2\/comments?post=87"}],"version-history":[{"count":67,"href":"https:\/\/tpantanal.com.br\/novosite\/wp-json\/wp\/v2\/pages\/87\/revisions"}],"predecessor-version":[{"id":1733,"href":"https:\/\/tpantanal.com.br\/novosite\/wp-json\/wp\/v2\/pages\/87\/revisions\/1733"}],"wp:attachment":[{"href":"https:\/\/tpantanal.com.br\/novosite\/wp-json\/wp\/v2\/media?parent=87"}],"curies":[{"name":"wp","href":"https:\/\/api.w.org\/{rel}","templated":true}]}}